111110001111100 (base 2) in base 14?
197ac
Convert 9b (base 14) to base 3.
12002
-166 (base 13) to base 16
-fd
331000 (base 4) to base 14
15cc
-2244 (base 5) to base 4
-11010
Convert f3e (base 16) to base 14.
15ca
Convert 10137 (base 8) to base 10.
4191
What is -405 (base 9) in base 3?
-110012
-73 (base 12) to base 5
-322
-113 (base 12) to base 14
-b5
-130 (base 12) to base 7
-345
Convert -220 (base 12) to base 15.
-15c
Convert -15a63 (base 13) to base 4.
-22011211
-246 (base 11) to base 8
-444
Convert -1c73 (base 13) to base 16.
-10df
Convert 1100011000 (base 2) to base 16.
318
What is -201223 (base 4) in base 16?
-86b
Convert 3321 (base 4) to base 2.
11111001
14313 (base 11) to base 2
100111101110110
Convert 35230 (base 6) to base 12.
2b16
11320 (base 5) to base 12
597
-341 (base 5) to base 7
-165
What is -3336 (base 7) in base 4?
-102303
Convert -22354 (base 8) to base 7.
-36362
-221112 (base 3) to base 8
-1261
Convert 515 (base 6) to base 3.
21002
261 (base 7) to base 16
8d
What is -33132 (base 6) in base 13?
-2123
12760 (base 8) to base 11
4246
3233 (base 4) to base 6
1035
4301 (base 7) to base 11
1162
What is 422 (base 15) in base 11?
778
What is 11010011000010 (base 2) in base 5?
413011
What is 2200 (base 4) in base 11?
136
7736 (base 11) to base 16
27db
What is 5850 (base 14) in base 3?
210001211
What is 3a16 (base 11) in base 4?
1101210
-4110 (base 6) to base 14
-48a
a57 (base 16) to base 14
d71
231300 (base 4) to base 10
2928
What is -11111 (base 6) in base 15?
-6da
13a94 (base 12) to base 7
143044
-128b (base 16) to base 13
-2212
What is 1011101011 (base 2) in base 4?
23223
Convert -10430 (base 11) to base 3.
-202210102
Convert -761 (base 8) to base 5.
-3442
101110001101110 (base 2) to base 10
23662
What is 6632 (base 14) in base 2?
100010100010100
What is 1568 (base 10) in base 2?
11000100000
Convert 11a0 (base 13) to base 8.
4700
Convert -14cd (base 14) to base 6.
-25101
What is 155130 (base 6) in base 15?
4860
Convert -4897 (base 14) to base 2.
-11000110000101
27196 (base 11) to base 10
38825
What is 1023001 (base 4) in base 11?
3675
300540 (base 6) to base 16
5bec
Convert -1001101101011 (base 2) to base 7.
-20331
Convert -13d (base 14) to base 13.
-164
What is -21212221 (base 3) in base 9?
-7787
What is -1261 (base 14) in base 8?
-6225
13203031 (base 4) to base 16
78cd
-7763 (base 8) to base 11
-3082
Convert -101000 (base 2) to base 14.
-2c
-5511 (base 7) to base 5
-30333
What is -3116 (base 8) in base 4?
-121032
What is -601 (base 13) in base 8?
-1767
Convert -305546 (base 7) to base 3.
-2122220022
What is -23321 (base 5) in base 3?
-2100101
What is 3376 (base 8) in base 13?
a79
9b (base 15) to base 4
2102
10121212 (base 3) to base 16
a52
Convert -a74 (base 11) to base 7.
-3523
What is 3238 (base 14) in base 13?
3c43
Convert -131 (base 10) to base 3.
-11212
-459 (base 10) to base 3
-122000
What is 168 (base 16) in base 12?
260
-cc47 (base 13) to base 12
-1456b
101111101 (base 2) to base 16
17d
What is -70604 (base 8) in base 7?
-150503
-37620 (base 9) to base 13
-b685
What is 12110112 (base 3) in base 9?
5415
What is -58 (base 9) in base 2?
-110101
What is 816 (base 10) in base 15?
396
665 (base 10) to base 12
475
708 (base 13) to base 5
14231
11101000101011 (base 2) to base 6
152535
Convert 3a21 (base 14) to base 13.
4863
Convert -133331 (base 4) to base 15.
-915
What is 230 (base 15) in base 8?
757
What is -7870 (base 9) in base 7?
-22644
What is b41a (base 13) in base 6?
311042
aa9 (base 13) to base 4
130211
What is 101004 (base 5) in base 3?
11110112
-35556 (base 10) to base 4
-20223210
What is -23773 (base 9) in base 15?
-4acc
What is 7fb9 (base 16) in base 10?
32697
What is -34a (base 12) in base 14?
-270
219 (base 16) to base 4
20121
Convert -346510 (base 7) to base 14.
-18a07
Convert 1241 (base 14) to base 13.
15b8
What is 11be (base 16) in base 6?
33010
-40 (base 9) to base 11
-33
Convert -32 (base 13) to base 8.
-51
-24214 (base 7) to base 4
-1202023
What is 1262 (base 7) in base 3?
122222
What is -2451 (base 7) in base 12?
-646
Convert -101010100110 (base 2) to base 10.
-2726
Convert 200012210 (base 3) to base 7.
53466
What is -2146 (base 7) in base 10?
-769
What is -134644 (base 8) in base 11?
-32784
-101111011 (base 2) to base 10
-379
-2534 (base 7) to base 9
-1272
104886 (base 9) to base 13
226c5
What is -18347 (base 9) in base 10?
-12679
What is 133141 (base 7) in base 6?
312141
What is a3c0 (base 15) in base 8?
103455
10110001100001 (base 2) to base 3
120120210
-24131 (base 7) to base 10
-6245
Convert 42220 (base 6) to base 2.
1011001000100
-3553 (base 7) to base 2
-10100100000
What is 101313023 (base 4) in base 6?
1322415
What is -48400 (base 11) in base 14?
-1b584
-197 (base 11) to base 3
-22102
What is 5324 (base 11) in base 13?
328b
Convert -789 (base 10) to base 2.
-1100010101
Convert 1013210 (base 4) to base 16.
11e4
-24362 (base 9) to base 12
-9555
What is 11711 (base 11) in base 2?
100000110111111
What is -2a21 (base 12) in base 8?
-11471
-41056 (base 10) to base 5
-2303211
Convert 110310 (base 4) to base 11.
1001
Convert -4436 (base 8) to base 3.
-10012110
What is -160123 (base 7) in base 8?
-75057
Convert -13444 (base 9) to base 16.
-2398
Convert 2e7 (base 15) to base 12.
477
Convert 2844 (base 9) to base 3.
2221111
-2aaa (base 14) to base 8
-16656
-12780 (base 12) to base 13
-b68b
What is -14351 (base 7) in base 13?
-1a54
-467 (base 9) to base 4
-12001
What is -1101111011 (base 2) in base 11?
-740
What is -1026 (base 14) in base 2?
-101011011010
-5275 (base 8) to base 2
-101010111101
What is 44250 (base 10) in base 11?
30278
1432010 (base 5) to base 6
352023
What is -3bd (base 16) in base 8?
-1675
470 (base 9) to base 11
322
What is 322 (base 12) in base 10?
458
Convert -11221 (base 4) to base 8.
-551
Convert -1221 (base 4) to base 3.
-10220
4622 (base 15) to base 2
11101000100010
101230 (base 5) to base 12
1b03
-10648 (base 9) to base 4
-1232303
Convert -230221 (base 4) to base 2.
-101100101001
Convert -c (base 14) to base 2.
-1100
Convert 490 (base 10) to base 5.
3430
What is 7268 (base 10) in base 7?
30122
What is -20411 (base 6) in base 12?
-1707
What is 12359 (base 14) in base 15?
d316
-45b (base 14) to base 16
-361
1040 (base 5) to base 15
9a
What is -11000100111111 (base 2) in base 7?
-51520
What is 1751 (base 12) in base 14?
103b
f504 (base 16) to base 4
33110010
What is 2311310 (base 4) in base 12?
6898
What is -20101100 (base 3) in base 8?
-11055
-5115 (base 7) to base 6
-12120
2b8 (base 16) to base 14
37a
-30003 (base 6) to base 12
-2303
1380 (base 16) to base 10
4992
Convert -3091 (base 10) to base 15.
-db1
What is 35b (base 15) in base 9?
1035
-4230 (base 5) to base 12
-3b1
-21754 (base 11) to base 10
-31519
Convert -14663 (base 12) to base 2.
-110111110101011
What is -1023320 (base 4) in base 14?
-1aac
Convert -484 (base 11) to base 2.
-1001000000
What is -1530 (base 10) in base 9?
-2080
Convert 1010001000111 (base 2) to base 4.
1101013
868 (base 11) to base 3
1102121
9ba (base 12) to base 5
21223
-224123 (base 5) to base 13
-3874
Convert -132 (base 14) to base 6.
-1040
-10 (base 6) to base 12
-6
132 (base 7) to base 13
57
Convert 106263 (base 7) to base 10.
19008
What is -429 (base 15) in base 12?
-663
Convert 3395 (base 13) to base 14.
28ba
1573 (base 11) to base 9
2680
Convert 2611 (base 7) to base 11.
819
5a05 (base 11) to base 6
100234
What is 19d1 (base 16) in base 3?
100001210
What is 101011000 (base 2) in base 9?
422
What is 8b0 (base 14) in base 6?
11550
What is -1241 (base 5) in base 6?
-524
23062 (base 7) to base 6
43111
Convert 154512 (base 7) to base 16.
76e6
What is -2d4 (base 15) in base 11?
-540
What is 10022210 (base 3) in base 16?
978
Convert 1250 (base 7) to base 6.
2112
101010101110011 (base 2) to base 5
1200000
What is -220122021 (base 3) in base 10?
-17962
Convert -1350 (base 14) to base 10.
-3402
What is -12445 (base 6) in base 11?
-1479
Convert 60025 (base 7) to base 12.
8421
What is 6c6 (base 16) in base 6?
12010
What is 1011101011000 (base 2) in base 8?
13530
389 (base 16) to base 8
1611
3285 (base 13) to base 5
211123
Convert -95 (base 10) to base 9.
-115
11011110 (base 2) to base 7
435
Convert -101123 (base 5) to base 12.
-1aa0
Convert -21001 (base 4) to 